{"id":309066,"date":"2025-07-03T13:43:19","date_gmt":"2025-07-03T17:43:19","guid":{"rendered":"https:\/\/www.eclass.com\/cl\/?post_type=cursos&#038;p=309066"},"modified":"2026-04-30T16:14:01","modified_gmt":"2026-04-30T20:14:01","slug":"procesos-cognitivos-del-aprendizaje_universidad-finis-terrae-educacion","status":"publish","type":"cursos","link":"https:\/\/www.eclass.com\/cl\/cursos\/procesos-cognitivos-del-aprendizaje_universidad-finis-terrae-educacion\/","title":{"rendered":"Procesos cognitivos del aprendizaje"},"author":1,"template":"","meta":{"_acf_changed":false},"categorias":[],"class_list":["post-309066","cursos","type-cursos","status-publish","hentry"],"acf":{"titulo3":{"tt_texto":"<p>ESTE CURSO ES CONDUCENTE AL<br \/><strong>SIGUIENTE DIPLOMADO<\/strong><\/p>\n"},"otros_contenidos":[{"imagen":false,"titulo":"<p>Diplomado en Neurociencias Aplicadas a la Educaci\u00f3n<\/p>\n","descripcion":"","enlace":""}],"bi_formulario":"","bi_formulario_mobile":"","br_btn_ayuda_volver":"block","br_ayuda_texto":"<p><strong>\u00bfNECESITAS AYUDA?<\/strong><br \/>\nCONT\u00c1CTATE CON UN COORDINADOR DE ADMISI\u00d3N<\/p>\n","br_ayuda_telefono":"+56982050286","bs_url":"https:\/\/inscripcionesfiniseducacion.eclass.com\/?utm_source=universidad-finis-terrae-educacion&utm_medium=web&utm_campaign=procesos-cognitivos-del-aprendizaje&utm_content=45873","bs_titulo":"<p>INSCR\u00cdBETE AQU\u00cd<\/p>\n","bs_color":"#EE7900","id_post":"3389","bi_titulo":"<p>Procesos cognitivos del aprendizaje<\/p>\n","item_info":[{"titulo":"Inicio de clases:","descripcion":"Septiembre 2026","imagen":16112},{"titulo":"Fin del curso","descripcion":"Noviembre 2026","imagen":18383},{"titulo":"Valor vigente","descripcion":"Streaming: $ 300.000.-<br \/>Streaming: $ 300.000.-","imagen":16113},{"titulo":"Formas de Pago","descripcion":"Webpay (Tarjetas de Cr\u00e9dito y D\u00e9bito)<br \/>Cheque<br \/>Factura<br \/>Transferencia Electr\u00f3nica<br \/>Webpay con Factura<br \/>OneClick","imagen":16113}],"vi_iframe":"","titulo_cursivo":"<p>Mente y motivaci&oacute;n para potenciar el aprendizaje.<\/p>","dc_titulo":"<strong>Procesos cognitivos del aprendizaje<\/strong>","dc_texto":"<p>Analiza los procesos cognitivos que intervienen en el aprendizaje &mdash;atenci&oacute;n, memoria, lenguaje y funciones ejecutivas&mdash; desde su base neurobiol&oacute;gica. Dise&ntilde;a estrategias pedag&oacute;gicas inclusivas que reconozcan la neurodiversidad.<\/p>\n","tl_listado":[{"imagen":false,"imagen_api":"https:\/\/cdn.eclass.com\/img\/perfiles\/100\/CapturadePantalla2025-09-30alas010514-ManolaLpezFigueroa-c706014da077-1.jpg","titulo":"Manola L\u00f3pez Figueroa","subtitulo":"","texto":"Mag\u00edster en Neurociencias aplicadas a la educaci\u00f3n, Fonoaudi\u00f3loga. \r\nAcad\u00e9mica en cursos de Postgrado y Pregrado. M\u00e1s de 10 a\u00f1os de experiencia en Programas de Integraci\u00f3n Escolar trabajando con estudiantes de diversas edades y necesidades educativas especiales."},{"imagen":false,"imagen_api":"https:\/\/cdn.eclass.com\/img\/perfiles\/100\/RayenCarrilloH-RayenCarrillo-5742b662641f-1.jpg","titulo":"Rayen Carrillo ","subtitulo":"","texto":"Magister en Neurociencias aplicadas a la Educaci\u00f3n, actualmente cursa un Doctorado en Educaci\u00f3n. Experiencia profesional en Instituto Telet\u00f3n como Terapeuta Ocupacional. Experiencia docente en Universidad Finis Terrae y Universidad del Desarrollo sede Santiago."}],"clases":[{"id":"876617","nombre":"Introducci\u00f3n al curso","titulo":"","pdf":""},{"id":"854145","nombre":"Unidad 1","titulo":"Motivaci\u00f3n, Percepci\u00f3n y atenci\u00f3n","pdf":""},{"id":"854146","nombre":"Unidad 2","titulo":"Memoria","pdf":""},{"id":"854147","nombre":"Unidad 3","titulo":"Desarrollo del lenguaje","pdf":""},{"id":"854148","nombre":"Unidad 4","titulo":"Metaling\u00fc\u00edstica","pdf":""},{"id":"854149","nombre":"Unidad 5","titulo":"Funciones ejecutivas","pdf":""},{"id":"880257","nombre":"Seminario Virtual","titulo":"Informaci\u00f3n y Grabaciones","pdf":""},{"id":"880256","nombre":"Examen Final","titulo":"","pdf":""},{"id":"880258","nombre":"Seminario Final","titulo":"","pdf":""}],"nombre_post":"Universidad Finis Terrae Educaci\u00f3n","categorias":false,"dc_boton":{"btn_texto":"DESCARGA EL PROGRAMA","btn_url":"","btn_icono":"icon-download","btn_outline":false,"btn_modal":"Descarga","btn_descarga":"\n    <div class=\"form-eclass form-eclass-curso-descarga-45873\">\n      <h3>\u00a1QUIERO RECIBIR <strong>ESTE MATERIAL!<\/strong><\/h3>\n    <\/div>\n    <script>\n      eClassForm.create({\n          form: { id: \"form-course-45873\", class: \"hsForm_13bf2289-bea6-43c3-bbde-aedf7beff70b\" },\n          data: { type: \"course\", planilla: \"15738\", file: \"https:\/\/brochure.eclass.com\/pdf\/course\/45873\/1303\", enrollment: \"https:\/\/inscripcionesfiniseducacion.eclass.com\/?utm_source=universidad-finis-terrae-educacion&utm_medium=form_web&utm_campaign=procesos-cognitivos-del-aprendizaje&utm_content=45873\", title: \"Procesos cognitivos del aprendizaje\", offer: \"Procesos cognitivos del aprendizaje\", adicional: \"Curso: Procesos cognitivos del aprendizaje\" },\n          target: '.form-eclass-curso-descarga-45873'\n      });\n    <\/script>\n  "},"columna_contenido":[{"acf_fc_layout":"imagen","bg_imagen":[{"imagen":297453}]},{"acf_fc_layout":"texto","titulo":"<p>CAPACITA A TU EMPRESA CON <strong>NUESTROS CURSOS Y PROGRAMAS<\/strong><\/p>\n","subtitulo":"","texto":"<p>Lleva el curso en <strong>Procesos cognitivos del aprendizaje<\/strong> a tu equipo de trabajo, cont\u00e1ctate con nuestros ejecutivos para coordinar una reuni\u00f3n y vivir la experiencia eClass.<\/p>\n","btncol_texto":"AGENDA TU REUNI\u00d3N","btncol_url":"","btncol_icono":"","btncol_outline":true,"btn_modal":"Contacto","btn_descarga":"\n    <div id=\"form-reunion\" class=\"form-eclass form-reunion\"><\/div>\n    <script>\n      window.addEventListener('load', function() {\n          eClassForm.create({\n              form: {\n                  id: \"form-reunion\"\n              },\n              data: {\n                  type: \"reunion\",\n                  planilla: \"15736\",\n                  institucion: \"Universidad Finis Terrae Educaci\u00f3n\",\n                  adicional: $('title').text() + ' ' + location.href,\n              },\n              target: \".form-reunion\"\n          });\n      });\n    <\/script>\n  "}],"bi_imagen":false,"bi_logo":false,"bi_logo_color":false,"bi_sello":false,"br_ayuda_volver":"","bs_sticky":true,"bs_imagen":false,"sticky2":{"bs_url":"","bs_sticky":true,"bs_titulo":"","bs_color":"","bs_imagen":false},"columna_invertir":false,"modalidad":false,"tabla":false,"tabla_texto_inicio":"","tabla_texto_fin":"","tabla_texto_pequeno":"","tabla_ancho":"","tl_titulo":"","tl_descripcion":"","tl_crmobile":true,"team_descripcion_2":"","tt_texto":"","titulo2":{"tt_texto":""},"vi_titulo":"","vi_logo":false},"parent_id":307714,"_links":{"self":[{"href":"https:\/\/www.eclass.com\/cl\/wp-json\/wp\/v2\/cursos\/309066","targetHints":{"allow":["GET"]}}],"collection":[{"href":"https:\/\/www.eclass.com\/cl\/wp-json\/wp\/v2\/cursos"}],"about":[{"href":"https:\/\/www.eclass.com\/cl\/wp-json\/wp\/v2\/types\/cursos"}],"author":[{"embeddable":true,"href":"https:\/\/www.eclass.com\/cl\/wp-json\/wp\/v2\/users\/1"}],"version-history":[{"count":1,"href":"https:\/\/www.eclass.com\/cl\/wp-json\/wp\/v2\/cursos\/309066\/revisions"}],"predecessor-version":[{"id":309082,"href":"https:\/\/www.eclass.com\/cl\/wp-json\/wp\/v2\/cursos\/309066\/revisions\/309082"}],"wp:attachment":[{"href":"https:\/\/www.eclass.com\/cl\/wp-json\/wp\/v2\/media?parent=309066"}],"wp:term":[{"taxonomy":"categorias","embeddable":true,"href":"https:\/\/www.eclass.com\/cl\/wp-json\/wp\/v2\/categorias?post=309066"}],"curies":[{"name":"wp","href":"https:\/\/api.w.org\/{rel}","templated":true}]}}

<p>Diplomado en Neurociencias Aplicadas a la Educación</p>

<p><strong>¿NECESITAS AYUDA?</strong><br />
CONTÁCTATE CON UN COORDINADOR DE ADMISIÓN</p>

<p>INSCRÍBETE AQUÍ</p>

Webpay (Tarjetas de Crédito y Débito)<br />Cheque<br />Factura<br />Transferencia Electrónica<br />Webpay con Factura<br />OneClick

Manola López Figueroa

Magíster en Neurociencias aplicadas a la educación, Fonoaudióloga. 
Académica en cursos de Postgrado y Pregrado. Más de 10 años de experiencia en Programas de Integración Escolar trabajando con estudiantes de diversas edades y necesidades educativas especiales.

Magister en Neurociencias aplicadas a la Educación, actualmente cursa un Doctorado en Educación. Experiencia profesional en Instituto Teletón como Terapeuta Ocupacional. Experiencia docente en Universidad Finis Terrae y Universidad del Desarrollo sede Santiago.

Introducción al curso

Motivación, Percepción y atención

Metalingüística

Información y Grabaciones

Universidad Finis Terrae Educación

<p>Lleva el curso en <strong>Procesos cognitivos del aprendizaje</strong> a tu equipo de trabajo, contáctate con nuestros ejecutivos para coordinar una reunión y vivir la experiencia eClass.</p>

AGENDA TU REUNIÓN

<div id="form-reunion" class="form-eclass form-reunion"></div>
    <script>
      window.addEventListener('load', function() {
          eClassForm.create({
              form: {
                  id: "form-reunion"
              },
              data: {
                  type: "reunion",
                  planilla: "15736",
                  institucion: "Universidad Finis Terrae Educación",
                  adicional: $('title').text() + ' ' + location.href,
              },
              target: ".form-reunion"
          });
      });
    </script>
